(-13)/(-1) - (0 + -2)?
5
Let f = 212 + 3. What is the hundreds digit of f?
2
Suppose -3*v - 5*m + 28 = 3, 5*v + 2*m = 10. Let n = 0 - -26. Suppose v = 4*b - n - 14. What is the tens digit of b?
1
Let b(f) = f**2 + 6*f + 7. Let k(u) = u**2 + u. Let m(j) = -b(j) + 2*k(j). What is the tens digit of m(-5)?
3
Let c(s) = -3*s - 1. Suppose -u + 0 - 2 = 0. What is the units digit of c(u)?
5
Let y be 1*-73 + 2 + 0. Let g = y + 103. What is the tens digit of g?
3
Let v(t) = -4*t - 11. Let s(l) = -3*l - 7. Let g(a) = -8*s(a) + 5*v(a). What is the units digit of g(1)?
5
Suppose 0 = 6*n - n + 180. Let q be (-1)/(-5) - n/20. Suppose -2*c = q*k + 2*c - 14, -4*c - 22 = -2*k. What is the units digit of k?
9
Let t be ((-8)/(-2))/((-4)/(-2)). Let a(p) = 2*p - 2*p**2 - 1 - p**3 - p**t + 10*p**2. What is the tens digit of a(7)?
1
What is the tens digit of (130/(-3))/(1 + 15/(-9))?
6
What is the tens digit of 2555/15 - (-6)/9?
7
Let j = 2 - 12. Let k be (j/25)/((-2)/60). What is the tens digit of (-86)/(-6) - 4/k?
1
Let f(o) = 7*o - 13. Let g(c) = 6*c - 12. Let w(n) = 5*f(n) - 6*g(n). Suppose -3*h - h + 19 = d, 4 = h. What is the units digit of w(d)?
4
Suppose -t - 4 = -n - 1, 9 = 2*t + 3*n. Let w(s) = -s + 18. What is the tens digit of w(t)?
1
Let l = -114 - -133. What is the tens digit of l?
1
Let k be 0/(-2 - -5) + 1. Let w = 1 + k. What is the units digit of w?
2
Let c be 1*(-9)/3 + 17. Suppose -3*g + 0*z + 42 = z, g = -5*z + c. What is the tens digit of g?
1
Let y(a) = 2*a + 39. What is the units digit of y(-16)?
7
Suppose -4*q = 4*d - 1240, 2*d = -2*d + 4*q + 1224. What is the hundreds digit of d?
3
Suppose 4*g - 760 = -f, -2*g + 0*g + 402 = -5*f. What is the hundreds digit of g?
1
Let h be (-1 + 0)/(1/(-5)). Suppose 0 = -h*b - 0*b + 5. What is the units digit of b?
1
What is the hundreds digit of (1 - -22)/(2/10)?
1
What is the units digit of 12/(-20) + (-68)/(-5)?
3
Let y be 6 + (-7 - -3) + 99. Let b be (54/(-15))/(2/(-10)). What is the units digit of (-4)/b + y/9?
1
Let r = 22 - 13. Suppose 0*u + u - 17 = 0. Let h = u - r. What is the units digit of h?
8
Let s = 9 - 4. Suppose -q - 3*h + s = -3, 0 = 4*q + 3*h - 32. Suppose 5*a - 9 = -r + q, 4*r + 32 = 5*a. What is the units digit of a?
4
Suppose 5*b = 123 + 132. Let l = -27 + b. Let d = -15 + l. What is the units digit of d?
9
Let b be (7 - 0) + (-22)/11. Suppose z = -5*n + 37, b = 2*z + 1. What is the units digit of n?
7
Suppose 5*t + 25 = 0, 8*t + 163 = 4*a + 5*t. Let g = -17 + a. Suppose 25 = 5*q - 5*o - g, o = -q + 5. What is the units digit of q?
7
Let k(v) = 35*v**3 - v**2. What is the tens digit of k(1)?
3
Suppose 3*i - 145 = -2*i. Suppose 5*u = -3*q + 162, -3*u - i = -q + 11. What is the units digit of q?
9
Let s = 107 + -76. Let g = -19 + s. What is the units digit of g?
2
Suppose -3*t - 5*n = -6*t + 1, -2*t + 9 = 5*n. Suppose -t*x - 6 = -4*x. Suppose 2*k + 2*k + 5*f = 32, x*k + f = 24. What is the units digit of k?
8
Let f = 15 - -52. What is the units digit of f?
7
Let d = -5 - -8. Suppose -x = -d*x - 4*v + 34, 19 = 3*x - 2*v. Suppose -x = -2*s + 25. What is the units digit of s?
7
Let f(h) = 2*h**2 - h - 2. Let g be f(-2). Suppose 14 = 5*n - n + 5*b, -b - g = -n. What is the units digit of n?
6
Let l = -26 + 43. What is the units digit of l?
7
Let n(w) = w**3 + 27*w**2 + 23*w - 45. What is the tens digit of n(-26)?
3
Suppose 18*n = 29 + 4363. What is the units digit of n?
4
Let n(l) be the second derivative of 4*l**4/3 - l**3/3 + l. What is the tens digit of n(-1)?
1
Let g be 2 - (9/(-3))/3. Let m be 0 + g - 1/1. Suppose 1 = m*i - 11. What is the units digit of i?
6
Let w = -8 + 12. Suppose 39 = -6*z + 129. Suppose z = -a + w*a. What is the units digit of a?
5
Suppose 2*b + b = 0. What is the units digit of 2 + (2 - 2) + b?
2
Let a(q) be the first derivative of -3*q**2/2 + 2. Let y be a(2). What is the tens digit of (-2)/y + 64/6?
1
Let c(s) be the second derivative of s**3/3 + 5*s**2/2 - 4*s. Let y be c(11). Suppose v = 5*f - 51, -v + y = 3*f + 2*v. What is the tens digit of f?
1
Let a be (-6)/8*(23 - -1). What is the units digit of 2/(-7) - a/14?
1
Suppose -2*r - 6*u = -2*u - 118, 4 = 4*u. What is the units digit of r?
7
Let w = 36 + -13. What is the units digit of w?
3
Suppose 13 - 3 = -p. Let b = -60 - -42. Let i = p - b. What is the units digit of i?
8
Let d(p) = p**3 + 6*p**2 - p. Let l be d(-6). Let v be (2/(-4))/(3/l). What is the units digit of (v + 2)*(-20)/(-4)?
5
Let l = 5 - 4. Suppose -2*g + l = -1. Let c = 4 - g. What is the units digit of c?
3
What is the units digit of (4 + -46*3)/(-2)?
7
Suppose 0 = -f - 3 + 5. Let s = 10 + f. What is the tens digit of s?
1
What is the units digit of 588/9 + ((-24)/(-9))/(-8)?
5
Let w(o) = -2 + 4*o - 4*o + o**2 + 2*o - 2. Let f be w(-4). Suppose i - 25 = -3*s - f*i, i = -s + 9. What is the tens digit of s?
1
What is the tens digit of (3/(-2))/(9/(-6)) + 114?
1
Suppose 5*j - 2*d = 23, 0 = j - 5*j - 5*d + 25. Suppose -50 = -5*p + j. What is the tens digit of p?
1
Suppose 4*n + 0*n = -96. Let q = 49 + n. What is the units digit of q?
5
Let s = -19 + 36. Let y = s + -12. Suppose -y*k + 8 = -2. What is the units digit of k?
2
Let r = 48 + -7. What is the tens digit of r?
4
Suppose -9*m - 310 = -14*m. Let s = m + -39. What is the tens digit of s?
2
Suppose 2 + 20 = 2*r. What is the tens digit of r?
1
Let r(b) = 5*b - 2*b**3 + 11 - 7 + b**3 - 8*b**2. What is the tens digit of r(-9)?
4
Let b = 20 + -8. Let s = b - 27. What is the units digit of s/2*(-4)/5?
6
Let c = 40 + -28. Let h = c - 6. What is the units digit of h?
6
Let r = -43 + 99. What is the units digit of r?
6
Suppose 0 = -u + 3*p - 3, -4*p + 3 = -3*u - 1. Suppose -3*t + 7 + 2 = u. Suppose 4*n + 31 = t*w, -w - 3*w + 43 = -5*n. What is the units digit of w?
7
Let b be 1/(-4) - (-42)/8. Suppose 0*o - o = 5*v - 29, 0 = -b*v. What is the tens digit of o?
2
Let j(b) = 63*b. Let o be j(8). What is the tens digit of 4/(-10) + o/35?
1
Suppose 0 = -3*r - 4*b + 89 + 1, 4*r = -4*b + 120. What is the units digit of r?
0
Suppose 0*j + 4*j - 240 = 0. Suppose s + j = 5*s. What is the tens digit of s?
1
Suppose 0 = 3*h + 12 - 246. What is the tens digit of h?
7
What is the tens digit of (-2 - 1) + 73 + 2?
7
Let k = 24 - 10. What is the tens digit of (2 - -1)/(2/k)?
2
Let s(t) = -t**3 - t**2 + 5*t + 3. Let k be s(-3). What is the units digit of (-2 - (-7)/2)*k?
9
What is the tens digit of 8*(4 + (-85)/(-4))?
0
Let t(h) = 3*h - 13. Let v be t(7). What is the units digit of v*(0 - (-2)/2)?
8
Suppose 5*u - 6 = 4. Suppose 13 = s - u*k, -2*k = 3 + 5. Suppose 4*t = 5*f - 55 + s, 0 = -3*f + t + 30. What is the tens digit of f?
1
Suppose 5*w + 54 = 2*w. Let x be 6/(-27) - 58/w. Suppose -5*r = -x - 2. What is the units digit of r?
1
Let g(i) = -4*i**3 + i**2 + i. Let n(f) = -3*f**3 + f**2 + f. Let r(k) = 4*g(k) - 5*n(k). Let u be r(-1). What is the units digit of ((-1)/(-2))/(u/4)?
2
Suppose 5*v - 2 = -3*k, 33 = 2*k - v - 2*v. What is the units digit of k?
9
Let s(w) = w**2 + w. Let i(g) = -5*g**2 - 6*g - 2. Let q(r) = -i(r) - 4*s(r). What is the units digit of q(-6)?
6
Suppose -4 - 1 = -5*u. Suppose 4*y - 15 = u. What is the units digit of y?
4
Let t(a) = -a**3 + 4*a**2 + 6*a - 7. Let o be t(5). Let g(p) = 10*p + 2. Let w be g(o). What is the units digit of 7/9 + (-4)/w?
1
Suppose -o + 6*x + 12 = 2*x, -4*x + 4 = o. What is the units digit of o?
8
Let g(o) = -o**3 + 7*o**2 - 6*o + 2. Suppose -5*m + m = -24. Let j be g(m). Suppose j*p = -2 + 12. What is the units digit of p?
5
Suppose -g - 26 = -150. What is the hundreds digit of g?
1
Let j be -1 + 6 + 2 + -1. Let b be ((-4)/3)/(j/45). What is the units digit of ((-90)/25)/(4/b)?
9
Suppose 2 = -h + 3. Let t be (-1)/h - -41 - 2. Suppose 0 = -3*y - n + t, 5*n = 11 - 1. What is the units digit of y?
2
Let q(i) = 8*i + 24. What is the units digit of q(8)?
8
Suppose 0*q + 2 = -q. Let f be (5/(-5))/(q/10). Suppose f*w - w - 1 = s, s = -w + 9. What is the units digit of s?
7
Let v(w) = 0*w + 3*w - 2*w. Let i(r) = -r**3 + 6*r**2 - 5*r + 2. Let x be i(5). What is the units digit of v(x)?
2
What is the units digit of -7 + 20 - 8/2?
9
Let j be (-1)/(-1*(-3)/6). Let c = -6 - j. What is the units digit of (-2)/c*(3 + -1)?
1
Suppose -3059 = -17*j + 545. What is the units digit